{"id":307,"date":"2023-05-20T05:36:59","date_gmt":"2023-05-20T05:36:59","guid":{"rendered":"https:\/\/highbury-energy.com\/?page_id=307"},"modified":"2023-05-23T22:31:50","modified_gmt":"2023-05-23T22:31:50","slug":"servicios","status":"publish","type":"page","link":"https:\/\/highbury-energy.com\/?page_id=307","title":{"rendered":"Servicios"},"content":{"rendered":"\t\t<div data-elementor-type=\"wp-page\" data-elementor-id=\"307\" class=\"elementor elementor-307\">\n\t\t\t\t\t\t<section class=\"elementor-section elementor-top-section elementor-element elementor-element-c5baf3f elementor-section-stretched elementor-section-content-middle tstk-col-stretched-none tstk-bg-color-over-image elementor-section-boxed elementor-section-height-default elementor-section-height-default\" data-id=\"c5baf3f\" data-element_type=\"section\" data-settings=\"{&quot;stretch_section&quot;:&quot;section-stretched&quot;}\">\n\t\t\t\t\t\t<div class=\"elementor-container elementor-column-gap-no\">\n\t\t\t\t\t<div class=\"elementor-column elementor-col-100 elementor-top-column elementor-element elementor-element-3c206c0 tstk-bg-color-over-image\" data-id=\"3c206c0\" data-element_type=\"column\">\n\t\t\t<div class=\"elementor-widget-wrap elementor-element-populated\">\n\t\t\t\t\t\t<div class=\"elementor-element elementor-element-877e389 tstk-align-left elementor-widget elementor-widget-tstk_heading\" data-id=\"877e389\" data-element_type=\"widget\" data-widget_type=\"tstk_heading.default\">\n\t\t\t\t<div class=\"elementor-widget-container\">\n\t\t\t\t<div class=\"tstk-heading-subheading left-align tstk-reverse-heading-yes\"><h4 class=\"tstk-element-subtitle\">\r\n\t\t\t\r\n\t\t\t\tNUESTROS SERVICIOS\r\n\t\t\t\r\n\t\t\t<\/h4>\r\n\t\t<h2 class=\"tstk-element-title\">\r\n\t\t\t\r\n\t\t\t\tConoce los servicios profesionales de Highbury-Energy\r\n\t\t\t\r\n\t\t\t<\/h2>\r\n\t\t<\/div>\t\t<\/div>\n\t\t\t\t<\/div>\n\t\t\t\t\t<\/div>\n\t\t<\/div>\n\t\t\t\t\t<\/div>\n\t\t<\/section>\n\t\t\t\t<section class=\"elementor-section elementor-top-section elementor-element elementor-element-38a3209 tstk-col-stretched-none tstk-bg-color-over-image elementor-section-boxed elementor-section-height-default elementor-section-height-default\" data-id=\"38a3209\" data-element_type=\"section\">\n\t\t\t\t\t\t<div class=\"elementor-container elementor-column-gap-default\">\n\t\t\t\t\t<div class=\"elementor-column elementor-col-100 elementor-top-column elementor-element elementor-element-6466d04 tstk-bg-color-over-image\" data-id=\"6466d04\" data-element_type=\"column\">\n\t\t\t<div class=\"elementor-widget-wrap\">\n\t\t\t\t\t\t\t<\/div>\n\t\t<\/div>\n\t\t\t\t\t<\/div>\n\t\t<\/section>\n\t\t\t\t<section class=\"elementor-section elementor-top-section elementor-element elementor-element-8500b98 tstk-col-stretched-none tstk-bg-color-over-image elementor-section-boxed elementor-section-height-default elementor-section-height-default\" data-id=\"8500b98\" data-element_type=\"section\">\n\t\t\t\t\t\t<div class=\"elementor-container elementor-column-gap-default\">\n\t\t\t\t\t<div class=\"elementor-column elementor-col-100 elementor-top-column elementor-element elementor-element-91133c4 tstk-bg-color-over-image\" data-id=\"91133c4\" data-element_type=\"column\">\n\t\t\t<div class=\"elementor-widget-wrap elementor-element-populated\">\n\t\t\t\t\t\t<div class=\"elementor-element elementor-element-f6b433d tab-bg-color elementor-widget elementor-widget-tstk_tabs_element\" data-id=\"f6b433d\" data-element_type=\"widget\" data-widget_type=\"tstk_tabs_element.default\">\n\t\t\t\t<div class=\"elementor-widget-container\">\n\t\t\t\r\n\t\t<div class=\"tstk-tabs\">\r\n\t\t\t\t\t\t<ul class=\"tstk-tabs-heading\">\r\n\t\t\t\t\t\t\t\t\t\r\n\t\t\t\t\t\r\n\t\t\t\t<li class=\"tstk-tab-link tstk-tab-li-active\" data-tstk-tab=\"1\"><span>Recuperaci\u00f3n De Tuber\u00edas<\/span><\/li>\r\n\t\t\t\t\t\t\t\t\t\r\n\t\t\t\t\t\r\n\t\t\t\t<li class=\"tstk-tab-link \" data-tstk-tab=\"2\"><span>Registros En Pozo Entubado<\/span><\/li>\r\n\t\t\t\t\t\t\t\t\t\r\n\t\t\t\t\t\r\n\t\t\t\t<li class=\"tstk-tab-link \" data-tstk-tab=\"3\"><span>Servicios Mec\u00e1nicos<\/span><\/li>\r\n\t\t\t\t\t\t\t\t\t\r\n\t\t\t\t\t\r\n\t\t\t\t<li class=\"tstk-tab-link \" data-tstk-tab=\"4\"><span>Disparos de producci\u00f3n<\/span><\/li>\r\n\t\t\t\t\t\t\t<\/ul>\r\n\r\n\t\t\t<div class=\"tstk-tab-content-wrapper\">\r\n\t\t\t\t\t\t\t\t\t\t\t\t\t\t<div class=\"tstk-tab-content tstk-tab-content-1 tstk-tab-active\">\r\n\t\t\t\t\t\t\t\t\t\t\t\t<div class=\"tstk-tab-content-title\" data-tstk-tab=\"1\">Recuperaci\u00f3n De Tuber\u00edas<\/div>\r\n\t\t\t\t\t\t<div class=\"tstk-tab-content-inner\">\r\n\t\t\t\t\t\t\t<p>\u2022 Determinaci\u00f3n de Punto Libre<br \/>\u2022 Tubing Puncher<br \/>\u2022 Cortadores de Tuber\u00eda<br \/>\u00a0 \u00a0 \u00a0<strong>\u2022 Cortadores con explosivos<\/strong><br \/>\u00a0 \u00a0 \u00a0<strong>\u2022 Cortadores plasma<br \/><\/strong>\u2022 StringShot, Carga vibratoria y Desenrosque<br \/>\u2022 SplitShot<\/p>\t\t\t\t\t\t<\/div>\r\n\t\t\t\t\t<\/div>\r\n\t\t\t\t\t\t\t\t\t\t\t\t\t\t<div class=\"tstk-tab-content tstk-tab-content-2 \">\r\n\t\t\t\t\t\t\t\t\t\t\t\t<div class=\"tstk-tab-content-title\" data-tstk-tab=\"2\">Registros En Pozo Entubado<\/div>\r\n\t\t\t\t\t\t<div class=\"tstk-tab-content-inner\">\r\n\t\t\t\t\t\t\t<p>\u2022 GR-CCL<br \/>\u2022 CBL-VDL<br \/>\u2022 CBL RADIAL<br \/>\u2022 WellIntegrity<br \/>\u00a0 <strong>\u00a0 \u2022 Multifinger y Detector\u00a0 \u00a0 \u00a0 <\/strong><br \/><strong>\u00a0 \u00a0 \u2022 Electromagn\u00e9tico de Espesor)<\/strong><br \/>\u2022 Herramientas de Ruidos<br \/>\u2022 PLTProductionLoggingTools<br \/>\u2022 Presi\u00f3n-Temperatura<br \/>\u2022 Saturaci\u00f3n de Hidrocarburos<\/p>\t\t\t\t\t\t<\/div>\r\n\t\t\t\t\t<\/div>\r\n\t\t\t\t\t\t\t\t\t\t\t\t\t\t<div class=\"tstk-tab-content tstk-tab-content-3 \">\r\n\t\t\t\t\t\t\t\t\t\t\t\t<div class=\"tstk-tab-content-title\" data-tstk-tab=\"3\">Servicios Mec\u00e1nicos<\/div>\r\n\t\t\t\t\t\t<div class=\"tstk-tab-content-inner\">\r\n\t\t\t\t\t\t\t<p>\u2022 Asentamiento de Tapones, Empacadores y Retenedores de Cemento<br \/>\u2022 Tapones atraves de Tuberias (TTBP)<br \/>\u2022 Stringshot<\/p>\t\t\t\t\t\t<\/div>\r\n\t\t\t\t\t<\/div>\r\n\t\t\t\t\t\t\t\t\t\t\t\t\t\t<div class=\"tstk-tab-content tstk-tab-content-4 \">\r\n\t\t\t\t\t\t\t\t\t\t\t\t<div class=\"tstk-tab-content-title\" data-tstk-tab=\"4\">Disparos de producci\u00f3n<\/div>\r\n\t\t\t\t\t\t<div class=\"tstk-tab-content-inner\">\r\n\t\t\t\t\t\t\t<p>\u2022 Disparos con URE<br \/>\u2022 Disparos con TCP<br \/>\u2022 Disparos con Tuber\u00eda Flexible<br \/>\u2022 Puncher<\/p>\t\t\t\t\t\t<\/div>\r\n\t\t\t\t\t<\/div>\r\n\t\t\t\t\t\t\t<\/div>\r\n\r\n\t\t\t\t    <\/div>\r\n\r\n\t    \t\t<\/div>\n\t\t\t\t<\/div>\n\t\t\t\t\t<\/div>\n\t\t<\/div>\n\t\t\t\t\t<\/div>\n\t\t<\/section>\n\t\t\t\t<\/div>\n\t\t","protected":false},"excerpt":{"rendered":"<p>NUESTROS SERVICIOS Conoce los servicios profesionales de Highbury-Energy Recuperaci\u00f3n De Tuber\u00edas Registros En Pozo Entubado Servicios Mec\u00e1nicos Disparos de producci\u00f3n Recuperaci\u00f3n De Tuber\u00edas \u2022 Determinaci\u00f3n de Punto Libre\u2022 Tubing Puncher\u2022 Cortadores de Tuber\u00eda\u00a0 \u00a0 \u00a0\u2022 Cortadores con explosivos\u00a0 \u00a0 \u00a0\u2022 Cortadores plasma\u2022 StringShot, Carga vibratoria y Desenrosque\u2022 SplitShot Registros En Pozo Entubado \u2022 GR-CCL\u2022 CBL-VDL\u2022 CBL RADIAL\u2022 WellIntegrity\u00a0 \u00a0 \u2022 Multifinger y Detector\u00a0 \u00a0 \u00a0 \u00a0 \u00a0 \u2022 Electromagn\u00e9tico de[&hellip;]<\/p>\n","protected":false},"author":1,"featured_media":0,"parent":0,"menu_order":4,"comment_status":"closed","ping_status":"closed","template":"","meta":{"_acf_changed":false,"footnotes":""},"class_list":["post-307","page","type-page","status-publish","hentry"],"acf":[],"lang":"es","translations":{"en":398,"es":307},"pll_sync_post":[],"_links":{"self":[{"href":"https:\/\/highbury-energy.com\/index.php?rest_route=\/wp\/v2\/pages\/307","targetHints":{"allow":["GET"]}}],"collection":[{"href":"https:\/\/highbury-energy.com\/index.php?rest_route=\/wp\/v2\/pages"}],"about":[{"href":"https:\/\/highbury-energy.com\/index.php?rest_route=\/wp\/v2\/types\/page"}],"author":[{"embeddable":true,"href":"https:\/\/highbury-energy.com\/index.php?rest_route=\/wp\/v2\/users\/1"}],"replies":[{"embeddable":true,"href":"https:\/\/highbury-energy.com\/index.php?rest_route=%2Fwp%2Fv2%2Fcomments&post=307"}],"version-history":[{"count":16,"href":"https:\/\/highbury-energy.com\/index.php?rest_route=\/wp\/v2\/pages\/307\/revisions"}],"predecessor-version":[{"id":516,"href":"https:\/\/highbury-energy.com\/index.php?rest_route=\/wp\/v2\/pages\/307\/revisions\/516"}],"wp:attachment":[{"href":"https:\/\/highbury-energy.com\/index.php?rest_route=%2Fwp%2Fv2%2Fmedia&parent=307"}],"curies":[{"name":"wp","href":"https:\/\/api.w.org\/{rel}","templated":true}]}}